1 = 15, -3*v - 3 = 2*f. Let g be w(f). Suppose -4 = -g*m + 2. Calculate the highest common factor of 9 and m.
3
Suppose 2 = w + 4. Let b be (w/8)/(5/(-140)). Let z = 9 + b. What is the highest common divisor of 24 and z?
8
Suppose -4*y + 14 = -3*y. Suppose 2*i - y = 4. Let f = i - -3. Calculate the highest common factor of f and 48.
12
Suppose -r + 385 = 10*r. Suppose 12*y = 9*y + 525. Calculate the greatest common divisor of r and y.
35
Suppose 5*z - 2*s - 20 = 0, -2*s = 3*s. Suppose -9 = x - z*x. Let r = -67 + 88. Calculate the highest common factor of r and x.
3
Let j = -20 - -50. Suppose 900 = -59*y + 62*y. What is the highest common factor of j and y?
30
Let p(s) be the first derivative of -5*s**2/2 - 15*s - 16. Let x be p(-13). Calculate the highest common factor of 75 and x.
25
Let p be (0 + 15/6)*2. Suppose -5*z = -p*g - 5 - 5, 2*g - 26 = -4*z. Let t be 2*(-1 - -5) + g. What is the greatest common divisor of t and 88?
11
Suppose -5*k - 5 = -0. Let i be 22/143 + k/((-26)/2076). What is the highest common factor of 10 and i?
10
Suppose 696 = 6*n + 234. What is the highest common factor of n and 22?
11
Suppose 0 = -46*q + 63*q - 204. What is the highest common divisor of 156 and q?
12
Suppose -3 = -4*s - 15. Let z be (-1 + 29)*8/(-6)*s. What is the highest common factor of 28 and z?
28
Let w be 36/(-63)*(1302/(-12) - 0). What is the greatest common divisor of 279 and w?
31
Let h(c) = c**2 - 5*c - 4. Let b be h(6). Suppose 0*q + 554 = b*k - 2*q, -2*k + 540 = 5*q. What is the highest common divisor of k and 25?
25
Suppose -t = -4*t + 3. Let h be 0/10 - (-1 - t). Suppose -u - 32 = -h*u. Calculate the greatest common factor of 4 and u.
4
Let d be (1 - (-3)/5)*(59 + 16). Calculate the highest common divisor of d and 300.
60
Suppose -4*r = -5*f + 4, -3*f + 2*r + 2 = -0*r. Suppose f = -b + 83 + 34. Let v be 13/1*(-1)/(-1). What is the highest common divisor of v and b?
13
Suppose 0*x = 5*x - w - 15, -3*x - 2*w = -9. Suppose 11*t = 11 - 0. Calculate the greatest common divisor of t and x.
1
Let m be (-3)/(12/8) + -35. Let x = -21 - m. Calculate the highest common divisor of x and 16.
16
Let l(k) = -2*k**3 + 38*k**2 + 6*k + 21. Let o be l(19). What is the highest common divisor of 30 and o?
15
Let l be 1 - (-1799 + 1 + (-12 - -9)). Suppose -12*q = 398 - l. What is the greatest common divisor of q and 39?
39
Let z = 334 + -331. Calculate the highest common divisor of 150 and z.
3
Let j be (-6)/12 + (-7)/(-2). Let u = 219 - 213. What is the greatest common factor of u and j?
3
Let o = -30 - -36. Calculate the highest common factor of o and 48.
6
Let p(b) = 2*b**3 - 11*b**2 + 26*b + 25. Let m be p(4). What is the greatest common factor of 9 and m?
9
Let c(p) = 22*p**3 - 2*p**2 + 1. Let q be (-5 + 4)/(-5 + 4). Let r be c(q). What is the greatest common factor of r and 21?
21
Suppose -4*k - 4*w + 56 = 0, -2*w = -k - 4*w + 17. Let d(j) = -j**3 + j**2 + 52*j + 43. Let p be d(8). What is the greatest common factor of p and k?
11
Let p = -50 - -53. Let u be 22/2*p/(9/6). Calculate the greatest common divisor of 44 and u.
22
Suppose -3*r + 1080 = 2*r. Let y(z) = 15*z - 21. Let t be y(3). Calculate the greatest common divisor of t and r.
24
Let s = -6 + 10. Suppose -7*x + s = -5*x. Let l be x + (66/2 - 0). Calculate the highest common factor of l and 14.
7
Let v(c) = -2*c + 2. Let i be v(1). Suppose i = 9*f - 4*f - 910. What is the highest common factor of f and 26?
26
Let z(q) = -q**3 - 22*q**2 - 25*q + 28. Let o = -40 - -19. Let y be z(o). Calculate the greatest common factor of y and 16.
16
Let u(z) be the first derivative of 5*z**2 + z - 2. Let x be u(1). Let i = 247 + -126. Calculate the highest common factor of x and i.
11
Suppose -3*k - 4*w = -3*w + 4, 0 = -k - 4*w - 16. Suppose -7*b + 11*b - 144 = k. Calculate the highest common factor of b and 12.
12
Suppose -4*m = 5*u + 4, 3*m + u = 5*u + 28. Suppose -4*l + 11 = 4*h - 77, -m*l + h + 113 = 0. Calculate the greatest common divisor of l and 9.
9
Let f(i) = i**3 + 4*i**2 + 2*i - 2. Let j be f(-3). Let k = j - 3. Let u be k - 3/(3/(-13)). What is the greatest common factor of 88 and u?
11
Let j(q) = q**2 - 7*q + 8. Let f be j(6). Let r = -70 + 70. Suppose -3*s - 3*u + 12 = 0, 4*s - 5*u = -r*u - 2. Calculate the greatest common factor of f and s.
2
Let n(i) = i + 21. Let g be n(5). Calculate the highest common divisor of 533 and g.
13
Let k = 521 + -215. Calculate the greatest common factor of 170 and k.
34
Let h = 11 - 11. Let s(z) = -z**3 - z**2 + 110. Let x be s(h). Suppose -p + x = 4*p. What is the highest common divisor of 11 and p?
11
Let t = 237 + -234. What is the greatest common divisor of t and 3?
3
Let y = -487 + 491. Calculate the greatest common factor of 10 and y.
2
Suppose -y + 5*c = 11 + 4, 5*y + 2*c = -183. Let r be (120/y)/((-4)/14). Calculate the highest common divisor of 24 and r.
12
Suppose 3*f - 48 - 59 = -p, 0 = -2*p + f + 207. What is the greatest common divisor of 64 and p?
8
Let b = 231 - 159. Let v(x) = 2*x**2 - 11*x + 23. Let n be v(5). What is the highest common divisor of b and n?
18
Let l(w) be the first derivative of 5*w**3 + w**2 + w + 4. Let v be l(-1). What is the highest common factor of 7 and v?
7
Let a(k) = -4*k + 2. Let m(o) = o + 1. Let w(b) = a(b) + 2*m(b). Let f be w(-6). Calculate the highest common factor of f and 48.
16
Suppose -7 = -2*k + 31. Let c = 20 - k. Suppose 5*x + 1 = 6*x. What is the highest common divisor of c and x?
1
Let d be ((-1)/3)/(7/(-2541)). Suppose 3*h + 1528 = 1561. Calculate the greatest common factor of h and d.
11
Let w = -7 - -10. Suppose 4*z - 8 = 0, m = w*m - 2*z - 524. What is the greatest common divisor of m and 24?
24
Let u(y) = 2*y**2 - 2*y. Let h be u(-2). Let v be (-36)/(-15) + -2 + 27/45. Let a be (v - 4)*(2 - 0 - 8). Calculate the highest common factor of a and h.
6
Let a(k) = -2*k + 4. Let f be a(-13). Let l(o) = -2 - o + 6 - 1 - 2 + f*o**2. Let g be l(1). What is the greatest common divisor of g and 240?
30
Let m(v) be the first derivative of -23*v**2/2 - 11*v + 19. Let j be m(-2). What is the greatest common factor of 28 and j?
7
Suppose -9*h = 181 - 3826. What is the highest common factor of 30 and h?
15
Let i be (-5*(-64)/(-40))/(2/(-19)). Calculate the greatest common factor of 4 and i.
4
Suppose 0 = 2*w + 140 + 28. Let u = w - -180. Calculate the highest common divisor of 6 and u.
6
Suppose 4*z + 449 = w - 193, 4*w + 5*z - 2547 = 0. Calculate the highest common factor of 88 and w.
22
Suppose -4*u = 2217 - 3037. Calculate the greatest common divisor of 82 and u.
41
Let k(w) = w**2 - 27*w - 14. Let v be k(21). Let n = -117 - v. What is the greatest common factor of 299 and n?
23
Let d(f) be the second derivative of f**3/3 + 6*f. Let s be d(0). Let a be s/1 - 18/(-3). Calculate the highest common divisor of a and 4.
2
Suppose 91 - 31 = 2*r. What is the greatest common divisor of 555 and r?
15
Suppose b - 537 = -141. Calculate the greatest common factor of 44 and b.
44
Suppose -5*y + 10 = -0*y. Suppose -y*l + 7 + 1 = 2*s, -4*s = -3*l - 2. Let z be 2/((-3)/((-81)/s)). What is the highest common factor of z and 243?
27
Suppose 42*j - 1181 = 13309. What is the greatest common divisor of j and 75?
15
Let z be (-2140)/(-8 + -2) - (-5 + -1). What is the highest common factor of z and 275?
55
Suppose 10*w = 61*w - 1224. Calculate the greatest common divisor of w and 2376.
24
Suppose 2*j - 4*o - 4 = 0, j = 2*o - 4*o + 10. Let s be 4/(-8)*(-60 - j). Let w(g) = -3*g + 7. Let d be w(-5). What is the highest common divisor of d and s?
11
Suppose -2 = -n, 3*o + 3*n + 0*n - 216 = 0. What is the greatest common factor of o and 30?
10
Suppose 3*f - 17 = 25. Let j = -11 - -18. Let i(c) = -c + 14. Let z be i(j). What is the greatest common factor of z and f?
7
Suppose 0*m - 468 = -6*m. Suppose -z = -142 - m. Calculate the greatest common factor of 88 and z.
44
Suppose 18*u - 3200 = 472. What is the highest common factor of 12 and u?
12
Let x = 83 - 121. Let f = -23 - x. Calculate the highest common factor of f and 6.
3
Let x(p) = -p**3 - 2*p**2 - 2*p + 3. Let h be x(0). Suppose o + h = 39. Calculate the greatest common factor of 36 and o.
36
Suppose -38 = -7*z + 46. Suppose -5*u = -408 - 12. What is the highest common divisor of u and 